--
-- Host: localhost    Database: imotinfo
-- ------------------------------------------------------


--
-- Table structure for table `agencii`
--

CREATE TABLE `agencii` (
  `id` bigint(10) NOT NULL auto_increment,
  `name` varchar(255) default NULL,
  `comment` blob,
  PRIMARY KEY  (`id`)
) ENGINE=MyISAM DEFAULT CHARSET=cp1251;

--
-- Dumping data for table `agencii`
--


INSERT INTO `agencii` VALUES (8,'DREAM BULGARIAN PROPERTIES',''),(5,'ЗИК',''),(4,'АФИП \"ИНВЕСТА\"','бул. \"6-ти септември\"'),(6,'РОДОПИ',''),(7,'REAL ESTATES',''),(9,'АДРЕС',''),(10,'АВЕНЮ',''),(11,'ХХI ВЕК',''),(12,'КОНДОР',''),(13,'РЕАЛ ИНВЕСТ','');

--
-- Table structure for table `city`
--

CREATE TABLE `city` (
  `id` bigint(10) NOT NULL auto_increment,
  `name` varchar(255) default NULL,
  `name1` varchar(255) default NULL,
  `country_id` bigint(10) NOT NULL default '0',
  PRIMARY KEY  (`id`)
) ENGINE=MyISAM DEFAULT CHARSET=cp1251;

--
-- Dumping data for table `city`
--


INSERT INTO `city` VALUES (1,'Асеновград','',2),(2,'Карлово','',2),(3,'Хисар',NULL,2),(27,'с.Песнопой','',2),(5,'Кършияка','Кършияка',1),(6,'Широк център','Широк център',1),(7,'Тракия','Тракия',1),(8,'Изгрев','Изгрев',1),(10,'Смирненски','Смирненски',1),(11,'Център','Център',1),(12,'К.Париж','К.Париж',1),(13,'Прослав','Прослав',1),(14,'Коматево','Коматево',1),(15,'Кукленско шосе','Кукленско шосе',1),(16,'Коматевско шосе','Коматевско шосе',1),(17,'Околовръстното шосе','Околовръстното шосе',1),(18,'Пазарджишко шосе','Пазарджишко шосе',1),(19,'Пещерско шосе','Пещерско шосе',1),(20,'Асеновградско шосе','Асеновградско шосе',1),(21,'Беломорски','Беломорски',1),(22,'Остромила','Остромила',1),(23,'Карловско шосе','Карловско шосе',1),(24,'Цариградско шосе','Цариградско шосе',1),(25,'Рогошко шосе','Рогошко шосе',1),(26,'Брезовско шосе','Брезовско шосе',1),(29,'с.Браниполе','',2),(31,'с.Куклен','',2),(32,'с.Марково','',2),(33,'с.Белащица','',2),(34,'Стамболийски','',2),(35,'с.Брестовица','',2),(37,'Цигов Чарк','',28),(38,'Аспарухово','',3),(39,'Център','',3),(40,'Център','',43);

--
-- Table structure for table `country`
--

CREATE TABLE `country` (
  `id` bigint(10) NOT NULL auto_increment,
  `name` varchar(255) default NULL,
  `name1` varchar(255) default NULL,
  `continent_id` bigint(10) default NULL,
  PRIMARY KEY  (`id`)
) ENGINE=MyISAM DEFAULT CHARSET=cp1251;

--
-- Dumping data for table `country`
--


INSERT INTO `country` VALUES (1,'Пловдив','',NULL),(2,'Пловдив област',NULL,NULL),(3,'Варна',NULL,NULL),(4,'Варна област',NULL,NULL),(5,'Благоевград',NULL,NULL),(6,'Благоевград област',NULL,NULL),(7,'Бургас',NULL,NULL),(8,'Бургас област',NULL,NULL),(9,'Велико Търново',NULL,NULL),(10,'Велико Търново област',NULL,NULL),(11,'Видин',NULL,NULL),(12,'Видин област',NULL,NULL),(13,'Враца',NULL,NULL),(14,'Враца област',NULL,NULL),(15,'Габрово',NULL,NULL),(16,'Габрово област',NULL,NULL),(17,'Добрич',NULL,NULL),(18,'Добрич област',NULL,NULL),(19,'Кърджали',NULL,NULL),(20,'Кърджали област',NULL,NULL),(21,'Кюстендил',NULL,NULL),(22,'Кюстендил област',NULL,NULL),(23,'Ловеч',NULL,NULL),(24,'Ловеч област',NULL,NULL),(25,'Монтана',NULL,NULL),(26,'Монтана област',NULL,NULL),(27,'Пазарджик',NULL,NULL),(28,'Пазарджик област',NULL,NULL),(29,'Перник',NULL,NULL),(30,'Перник област',NULL,NULL),(31,'Плевен',NULL,NULL),(32,'Плевен област',NULL,NULL),(33,'Разград',NULL,NULL),(34,'Разград област',NULL,NULL),(35,'Русе',NULL,NULL),(36,'Русе област',NULL,NULL),(37,'Силистра',NULL,NULL),(38,'Силистра област',NULL,NULL),(39,'Сливен',NULL,NULL),(40,'Сливен област',NULL,NULL),(41,'Смолян',NULL,NULL),(42,'Смолян област',NULL,NULL),(43,'София',NULL,NULL),(44,'София област',NULL,NULL),(45,'Стара Загора',NULL,NULL),(46,'Стара Загора област',NULL,NULL),(47,'Търговище',NULL,NULL),(48,'Търговище област',NULL,NULL),(49,'Хасково',NULL,NULL),(50,'Хасково област',NULL,NULL),(51,'Шумен',NULL,NULL),(52,'Шумен област',NULL,NULL),(53,'Ямбол',NULL,NULL),(54,'Ямбол област',NULL,NULL);

--
-- Table structure for table `messages`
--

CREATE TABLE `messages` (
  `id` bigint(10) NOT NULL auto_increment,
  `mdate` varchar(255) default NULL,
  `name` varchar(255) default NULL,
  `tel` varchar(255) default NULL,
  `email` varchar(255) default NULL,
  `message` blob,
  PRIMARY KEY  (`id`)
) ENGINE=MyISAM DEFAULT CHARSET=cp1251;

--
-- Dumping data for table `messages`
--


INSERT INTO `messages` VALUES (9,'2006.04.29','test','234','4444','44444');

--
-- Table structure for table `offers`
--

CREATE TABLE `offers` (
  `id` bigint(20) unsigned NOT NULL auto_increment,
  `id_net` varchar(255) default NULL,
  `city_id` bigint(10) unsigned default NULL,
  `city` varchar(255) default NULL,
  `section` varchar(255) default NULL,
  `type_ei` int(10) default '0',
  `type_estate` varchar(255) default NULL,
  `construction` varchar(255) default NULL,
  `price` varchar(255) default NULL,
  `area` varchar(255) default NULL,
  `floor` varchar(255) default NULL,
  `info` longtext,
  `pdate` date default NULL,
  `user_id` bigint(10) default NULL,
  `user` varchar(255) default NULL,
  `offer_type` varchar(255) default NULL,
  `address` longtext,
  `owner` longtext,
  `phone` longtext,
  `comment` longtext,
  `validate` int(10) default '1',
  `hot_offer` int(5) default '0',
  `promo` int(5) default '0',
  `p1` varchar(255) default NULL,
  `p2` varchar(255) default NULL,
  `p3` varchar(255) default NULL,
  `p4` varchar(255) default NULL,
  `p5` varchar(255) default NULL,
  `p6` varchar(255) default NULL,
  `p7` varchar(255) default NULL,
  `p8` varchar(255) default NULL,
  `p9` varchar(255) default NULL,
  `p10` varchar(255) default NULL,
  PRIMARY KEY  (`id`)
) ENGINE=MyISAM DEFAULT CHARSET=cp1251;

--
-- Dumping data for table `offers`
--


INSERT INTO `offers` VALUES (11552,NULL,38,NULL,'',4,'','Монолит','25000','90','1','Всички екстри','2006-04-21',17,NULL,'Лична','Аспарухово бл. 321','Аспарухово бл. 311','0888888888','без забележки',1,1,0,'inv4B4.tmp.jpg','inv4D6.tmp.jpg','','','','','','','',''),(11553,NULL,39,NULL,'Линка',3,'','Панел','35000','120','3','Без мебели','2006-04-21',17,NULL,'','ул. Илинден 13','ул. Илинден 13 ет. 2','0888088088','',1,1,0,'inv52E.tmp.jpg',NULL,NULL,NULL,NULL,NULL,NULL,NULL,NULL,NULL),(11554,NULL,39,NULL,'Чинара',2,'','Панел','139000','40','1','Позлатени стени, тажан и под','2006-04-21',18,NULL,'Агенция','Царевец 30','Колев\r\nЦаревец 30','09999999999, 02 6665555555 88888','пада до 1% от цената',1,1,0,'inv560.tmp.jpg','','','','','','','','',''),(11555,NULL,12,NULL,'Карамела',9,'','Мононлит','95000','254','1','Триетажна монолитна кооперация от 1973 г., продава се първи етаж с разпределение: две спални, хол, трапезария и кухня - преходни, баня, WC, под - дюшеме, запазено жилище, гараж 22 кв.м. , сутерен - една стая + бокс и санитарен възел - 20 кв.м. Таван - 30 кв.м.','2006-04-21',17,NULL,'частна','Карамела 130','Борисов \r\nК.Париж бл.25487','088822222022','',1,1,0,'inv5B1.tmp.jpg',NULL,NULL,NULL,NULL,NULL,NULL,NULL,NULL,NULL),(11556,NULL,40,NULL,'Витошка',6,'','Панел','12000','125','1-2','Разпределение: І ниво - хол, кухня, перално помещение, санитаренвъзел; ІІ ниво - две спални, баня и тоалетна. Две тераси, от които едната много голяма, южна. Изложение север-юг. Прекрасна панорама към Родопите. Новострояща се луксозна жилищна сграда с топлоизолация, PVC дограма, хидравличен асансьор. Пусков срок на сградата - юни 2006 год. Намира се в близост до Събота пазара.','2006-04-21',17,NULL,'частна','Намира се в близост до Събота пазара. \r\nВитошка 1524','Витошка 1523\r\nДраков','02 3333333444333','',1,0,0,'inv5E6.tmp.jpg','','','','','','','','',''),(11558,NULL,1,NULL,'Асенова крепост -тест',5,'','Камък','9 000 000','90000','1','Асенова крепост - цялата','2006-04-21',18,NULL,'частна','Асенова крепост ','Асенова крепост ','Асенова крепост ','тест',1,0,0,'invA56.tmp.jpg',NULL,NULL,NULL,NULL,NULL,NULL,NULL,NULL,NULL),(11559,NULL,6,NULL,'',3,'','монолит','30 000','86','5','','2006-08-17',18,NULL,'лична','Славянска 26','Илиян Илиев','032 / 111 111','',1,1,0,'',NULL,NULL,NULL,NULL,NULL,NULL,NULL,NULL,NULL),(11560,NULL,0,NULL,'',15,'','бетон','5 000','30','','','2006-08-17',18,NULL,'агенция','бул. \"Източен\"','к.к.','032 / 111 112','',1,1,0,'',NULL,NULL,NULL,NULL,NULL,NULL,NULL,NULL,NULL),(11561,NULL,0,NULL,'сдфгсдф',1,'','фгдгсдфг','сдфг','сдфгсд','фгсдфг','гсдфгсдфгсдфг','2006-08-31',17,NULL,'сдфгсд','сдфгсдфг','сдфгсдф','гсдф','гсдфгсдф',1,0,0,'',NULL,NULL,NULL,NULL,NULL,NULL,NULL,NULL,NULL);

--
-- Table structure for table `portal`
--

CREATE TABLE `portal` (
  `id` bigint(10) NOT NULL auto_increment,
  `str1` varchar(250) default NULL,
  `str2` varchar(250) default NULL,
  `str3` varchar(250) default NULL,
  PRIMARY KEY  (`id`)
) ENGINE=MyISAM DEFAULT CHARSET=cp1251;

--
-- Dumping data for table `portal`
--


INSERT INTO `portal` VALUES (1,'inv3C4.tmp.jpg','София<br>ул. Димитър Иванов 12<br>тел.:02 / 9000000','map3.jpg'),(2,'inv3D2.tmp.jpg','Пловдив<br>ул. И. Драганов 684<br>тел.: 032 / 000 444','map2.jpg'),(3,'inv3DC.tmp.jpg','Варна<br>ул. Илинден 16<br>056 / 300000','map1.jpg'),(4,'hand1.jpg','',''),(5,'Офиси',NULL,NULL),(6,'Престижни хотели',NULL,NULL),(7,'7',NULL,NULL),(8,'18',NULL,NULL),(9,'8',NULL,NULL),(10,'20',NULL,NULL),(11,'8',NULL,NULL),(12,'18',NULL,NULL),(13,'7',NULL,NULL),(14,'8',NULL,NULL);


